f (-14)/(-2)*1296/63?
4
Let z(y) = -4*y**3 - y**2 - y. Let a = -13 + 19. Suppose c + 5 + 0 = 0, j + c = -a. What is the units digit of z(j)?
4
Suppose w - 79 = -2*r, 2*r - 2*w - w - 91 = 0. What is the units digit of r?
1
Suppose 5*l + 65 = 5*p, -2*l - 2*l - 39 = -3*p. What is the tens digit of p?
1
Let m = 9 - 5. Let h = m - 5. What is the units digit of 2/(-4)*h*12?
6
Let h(r) = r**2 - 2*r + 4. What is the units digit of h(3)?
7
Let g = 26 - 25. What is the tens digit of (g/(-3))/(3/(-225))?
2
Let u(g) = g + 3 + 4*g + g. Let r be (3/(-6) + 2)*(-6 + 8). What is the tens digit of u(r)?
2
Let l(m) = -7*m**3 + 3*m**2 - m - 3. What is the units digit of l(-2)?
7
Let n(g) = -g**3 + 10*g**2 - 2*g + 10. Let x be n(10). Let z be 14/(-3)*(1 - -2). What is the units digit of 2/(-5) + z/x?
1
Let p = -1 + 7. Suppose a = 2*a + p. Let x = 8 + a. What is the units digit of x?
2
Let u(x) = x**2 + 8*x + 2. Let o be u(-8). Suppose 0*i = o*i - 22. What is the tens digit of i?
1
Suppose 4*t + 4*j + 14 = 54, 0 = -3*t + 2*j + 15. Let q = t - 2. Suppose -q = -4*s + 27. What is the units digit of s?
8
Let d = 2 - 2. Suppose d = -4*y + 2*y. Suppose -2*n - 2*n - 2*g + 28 = 0, y = n + 2*g - 1. What is the units digit of n?
9
Let t(r) = r**2 + r - 1. Let c be t(-2). What is the tens digit of (-2 - -14*c)*1?
1
Let r be (0 + -4)/(-1) - 2. Let h(m) = m**3 - 9 + 3*m + 6 + 6*m**r - 5*m. What is the units digit of h(-6)?
9
Suppose 5*l - 3*i + 27 = i, 4*i - 24 = 4*l. Let w = 4 - l. Let h = w - -2. What is the units digit of h?
9
Let s be 15/(-4) + 1/(-4). Suppose -6*w + w = 3*n - 10, -4*n = 0. Let h = w - s. What is the units digit of h?
6
Let a = -4 - -6. Let z be 94/(-6) + a/3. What is the units digit of 4/(-10) - 21/z?
1
Suppose 2*v = -3*r + 2, -4*v + 12 = 2*r - 0. Suppose -2*k - 1 = n - 2*n, 3*k = -v*n - 29. What is the units digit of (1*12)/((-3)/k)?
2
Let z be 4 + -1 + 0 + 0. Let f be ((-2)/(-4))/(6/12). Suppose 2*q - z = f. What is the units digit of q?
2
Suppose -3*m - 76 = -3*d - 2*m, 5*d + 5*m = 160. What is the tens digit of d?
2
Let c(h) = h - 5. Let o be c(11). Let i = 5 + o. What is the tens digit of i?
1
Let m(d) = -d**3 - 10*d**2 + d + 10. Let h be m(-10). Let u be h*(1 + -1 - 1). Suppose u = 3*c - 59 + 20. What is the units digit of c?
3
Let r be (-8)/40 - 28/10. Suppose -7*a - 13 = -b - 3*a, -4*b + 10 = 5*a. Let w = b + r. What is the units digit of w?
2
Let v(j) = -j**2 + 3. Let k be v(0). Suppose -k*o = 4*s + 7, s - 2*s - 1 = o. Suppose -10 + 2 = -r - p, 0 = o*r - p - 4. What is the units digit of r?
3
Suppose 0*l - 2*r + 504 = 2*l, 5*l = -4*r + 1255. What is the hundreds digit of l?
2
Suppose -2 - 14 = -4*s. Suppose 5*r - 38 = -4*b - 9, 10 = b + s*r. Suppose k - b*k = -25. What is the units digit of k?
5
Let k(j) be the third derivative of 1/3*j**4 - 2/3*j**3 - 2*j**2 - 1/60*j**5 + 0 + 0*j. What is the units digit of k(7)?
3
Suppose 5*r = 2*i + 29, -r + 0*r = -5. Let y be 1/i*2*-1. What is the units digit of 10 + -2*(2 - y)?
8
Suppose a - 3*f = 1, a - 1 = -0*a - 3*f. Let g(r) = 48*r**2 + 3*r - 2. What is the units digit of g(a)?
9
Let b = 2 - 44. Let j = -3 - b. What is the units digit of j?
9
Suppose -n = -3*n - 68. Let r = n + 47. What is the units digit of r?
3
Suppose 7 - 3 = 2*q. Suppose -29 = -q*v + 13. What is the units digit of v?
1
Let h(j) = -19*j**3 - j**2 - 2*j - 1. Let g be h(-1). Let v = -1 + g. What is the units digit of v?
8
What is the units digit of (3408/40)/((-6)/(-20))?
4
Let c be 4/(-18) - (-16)/(-9). Let d(n) = n - 2. Let v be d(9). Let m = v - c. What is the units digit of m?
9
Suppose -2*i + 2*a + 40 = 0, -2*i + 2*a - 86 = -7*i. What is the units digit of i?
8
Let i be (-4)/(-16) + (-174)/(-8). Let k = i - 5. What is the units digit of k?
7
Suppose -3*k + 2*s + 7 + 24 = 0, -3*k + 3*s = -36. Suppose -k*o = -2*o - 135. Suppose -o = -5*m + 4*v, -m + 4*v + 3 = 4. What is the units digit of m?
7
Suppose -5*i + l - 8 = 6, 2*l = 2*i + 12. What is the tens digit of (-2 - (-40)/2) + i?
1
Let d be 3 - 0 - (12 - 13). Let n = d + 4. What is the units digit of n?
8
Suppose i = 4*v - 1, -3*i + 8 = 3*v + 26. Let d = 3 + v. What is the units digit of (2/4)/(d/72)?
8
Let q = -27 - -28. What is the tens digit of (-6)/(-2) - q - -15?
1
Let s be -58*((-5)/2 - -2). Let x = 49 - s. What is the units digit of x?
0
Suppose 0 = -3*q - 5*z + 40, 2*q - 5*z = q - 20. Suppose q*d - 55 = -f, -4*f - 8 = -3*d + 2. What is the tens digit of d?
1
Let z(g) = -g**2 - 3*g + 23. What is the units digit of z(0)?
3
Suppose 0 = -0*n - 2*n - 3*b + 77, -3*n + 5*b = -106. Suppose d + 2*d = -4*p + 73, 5*p - n = -2*d. What is the units digit of d?
1
Let s = 4 - 6. Suppose -4*f + z + z = 8, f + 2*z = 3. What is the units digit of -2*(s/1 + f)?
6
Suppose 24*j = 28*j - 1184. What is the hundreds digit of j?
2
Let y = 1 - -19. What is the units digit of y?
0
Let z be 2/5 + 204/15. Let y = z - 8. What is the units digit of ((-6)/4)/((-3)/y)?
3
Let n be 13/(1 + -2)*-1. Let q = -8 + n. Suppose 0 = q*x + 11 - 36. What is the units digit of x?
5
Let i(s) = s**3 - 4*s**2 - 6*s + 7. Let l be (5/3)/(1/3). Let v be i(l). What is the units digit of 6*((-5)/v)/(-5)?
3
Suppose 4 = w - 2. Suppose -w = 2*l - 42. What is the units digit of (24/l)/(2/6)?
4
Let d(x) = x**3 - 4*x**2 - 6*x + 7. Let m be d(5). Suppose m*a - 4 = -0*a. What is the units digit of a?
2
Suppose -3 - 1 = -2*u. Suppose -u*j + 15 = j. What is the units digit of j?
5
Suppose -4*u = 0, 4*n - 16 = 2*u + u. Suppose n*d - 25 = 35. What is the units digit of d?
5
Suppose 2301 + 609 = 10*c. What is the units digit of c?
1
Let c be 23/(-7) - 4/(-14). Let n be (-121 + 1)/(-2) + c. Suppose -4*h + n = -7. What is the tens digit of h?
1
Let n(p) = -p**3 - 5*p**2 + 8*p - 4. What is the units digit of n(-7)?
8
Suppose 0 = -19*n + 17*n + 204. What is the hundreds digit of n?
1
Suppose 4*u - 3 - 5 = 0. Suppose -4*h = p - 60, 60 = 4*h - 4*p + u*p. What is the units digit of h?
5
Let w(m) = 5*m**2. Let v(i) = 2*i. Let d be v(1). What is the tens digit of w(d)?
2
Suppose -2*v - 3*f = -463, 5*f + 1169 = 5*v + f. What is the hundreds digit of v?
2
Let a(y) = -y**3 + 4*y**2 - 4*y - 1. Let v be a(3). Let x = -3 - v. Suppose x - 7 = -w. What is the units digit of w?
6
Let n(w) = -w**2 - 8*w + 3. Let x be n(-8). Suppose 0 = 2*h + x*h - 25. What is the units digit of h?
5
Suppose 591 = 18*s - 15*s. What is the hundreds digit of s?
1
Suppose -5*v + 2*a = -17, -a - 3 + 2 = -v. Suppose 4*t = 2*g - 6, -v*g = -6*g - t + 12. What is the units digit of g?
9
Let j = -70 - -119. What is the units digit of j?
9
Let n(b) = -b - 1. Let l be n(-3). Suppose -m = -l*w + 3, 3*w + 1 = -4*m - 0. What is the units digit of w?
1
What is the tens digit of 3 + 0 + 54 + 5?
6
Let i = 1 + -1. Let n = i - -8. Suppose -3*r = -n - 25. What is the tens digit of r?
1
Let f be (-4)/2 - (-1 + 38). Let z = -16 - f. What is the units digit of z?
3
Suppose 85 = 5*l - 315. What is the tens digit of l?
8
Let t(b) = b**3 - 3*b**2 + 2*b - 4. Let l be t(3). Let q be (-62)/(-5) + l/(-5). Suppose 3*y - q = -y. What is the units digit of y?
3
Suppose 37*j - 38*j + 16 = 0. What is the units digit of j?
6
Suppose -5*b = -b - 92. What is the tens digit of b?
2
Suppose 5 + 1 = 2*q. Suppose q*n + 0 + 6 = 0. What is the units digit of ((-2)/(-3))/(n/(-21))?
7
Suppose -2*o - 6 = -3*o. What is the units digit of o?
6
Suppose 11*g - 270 = 5*g. What is the units digit of g?
5
Let h(j) = j**2 - 20*j - 5 - 4*j**2 + 0*j + j**2. What is the tens digit of h(-8)?
2
Suppose -4*z + 3*z + 166 = 0. What is the units digit of z?
6
Let h(m) = 8*m**2 + 1. Suppose -12 = 5*z - z + 4*w, 0 = -2*w - 8. Let k be h(z). Suppose -2*l = -3*s + k, -l + 26 = 4*s + l. What is the units digit of s?
5
Let i be 2/(-2) - (-3 - -12). Let w = -6 - i. What is the units digit of w?
4
Let h be (-7 + 2)*(-9)/(-15). What is the units digit of (-15)/h + 6/2?
8
Let b(o) = 11*o + 9. Let l be b(13). Suppose -3*d - l = -7*d. What is the units digit of d?
8
Suppose -148 = -4*v - 0*v. What is the units digit of v?
7
Suppose 0 = u - 4*u + 9. Let l(s) = -2*s - 6. Let z(n) = -n - 2. Let j(v) = u*l(v) - 8*z(v). What is the units digit of j(3)?
4
Suppose 3*z - 76 = -2*g, 2*z + 2*g = 3*z - 12. Suppose -2*b - 2*u = -z, 2*b = -4*u + 23 + 3. What is